{"id":56,"date":"2019-07-26T10:32:44","date_gmt":"2019-07-26T10:32:44","guid":{"rendered":"https:\/\/demo.themeisle.com\/neve-amadeus\/?page_id=5"},"modified":"2022-10-23T20:03:42","modified_gmt":"2022-10-23T18:03:42","slug":"neve-amadeus-home","status":"publish","type":"page","link":"https:\/\/meditation-psychologie.fr\/","title":{"rendered":"Accueil"},"content":{"rendered":"\t\t<div data-elementor-type=\"wp-post\" data-elementor-id=\"56\" class=\"elementor elementor-56\" data-elementor-settings=\"[]\">\n\t\t\t\t\t\t<div class=\"elementor-inner\">\n\t\t\t\t\t\t\t<div class=\"elementor-section-wrap\">\n\t\t\t\t\t\t\t<section class=\"elementor-section elementor-top-section elementor-element elementor-element-5ed3843 elementor-section-boxed elementor-section-height-default elementor-section-height-default\" data-id=\"5ed3843\" data-element_type=\"section\">\n\t\t\t\t\t\t<div class=\"elementor-container elementor-column-gap-default\">\n\t\t\t\t\t\t\t<div class=\"elementor-row\">\n\t\t\t\t\t<div class=\"elementor-column elementor-col-100 elementor-top-column elementor-element elementor-element-91b8973\" data-id=\"91b8973\" data-element_type=\"column\">\n\t\t\t<div class=\"elementor-column-wrap elementor-element-populated\">\n\t\t\t\t\t\t\t<div class=\"elementor-widget-wrap\">\n\t\t\t\t\t\t<div class=\"elementor-element elementor-element-0fb8963 elementor-widget elementor-widget-text-editor\" data-id=\"0fb8963\" data-element_type=\"widget\" data-widget_type=\"text-editor.default\">\n\t\t\t\t<div class=\"elementor-widget-container\">\n\t\t\t\t\t<div class=\"elementor-text-editor elementor-clearfix\"><p><span style=\"font-weight: 400;\">La psychologie et la m\u00e9ditation sont deux passions qui m\u2019animent depuis presque 40 ans. Vient le temps du partage, de la transmission et de la recherche de plus de sagesse\u00a0!<\/span><\/p><p><span style=\"font-weight: 400;\">C\u2019est pourquoi ce site est avant tout un espace de ressources pour trouver des informations sur la psychologie et la m\u00e9ditation, des documents sonores pour s\u2019y exercer, des liens vers d\u2019autres espaces qui m\u2019enthousiasment, des \u00e9v\u00e9nements int\u00e9ressants dans ces champs.<\/span><\/p><p><span style=\"font-weight: 400;\">Nulle boutique, ni formulaire pour recruter des clients m\u00eame s\u2019il y a des propositions personnelles pour pratiquer ensemble m\u00e9ditation ou psychologie.<\/span><\/p><p><span style=\"font-weight: 400;\">Je suis venu \u00e0 la m\u00e9ditation par le Zen c\u2019est-\u00e0-dire l\u2019une des branches du Bouddhisme et j\u2019ai approfondi ce chemin spirituel. Parall\u00e8lement mon parcours de psychologue m\u2019a amen\u00e9 \u00e0 rejoindre la m\u00e9ditation. Le mouvement Mindfulness, m\u00e9ditation de pleine conscience, \u00e0 base la\u00efque et m\u00e9dico psychologique m\u2019a permis de faire ce lien. Aussi j\u2019enseigne la m\u00e9ditation dans ce double cadre\u00a0: religieux en prison comme aum\u00f4nier Bouddhiste, et la\u00efque en MJC ou \u00e0 l\u2019\u00e9cole avec des adultes et des enfants.<\/span><\/p><p><span style=\"font-weight: 400;\">Le site s\u2019int\u00e9resse \u00e0 ces deux perspectives, il permet de mieux connaitre la m\u00e9ditation de pleine conscience, pour les adultes et pour les enfants, ainsi que la m\u00e9ditation dans le cadre Bouddhiste.<\/span><\/p><p><span style=\"font-weight: 400;\">Il pr\u00e9sente aussi des parties de la Psychologie, permettant de mieux comprendre la m\u00e9ditation comme la psychologie cognitive, ou d\u2019encore d\u2019explorer des dimensions voisines, comme l\u2019hypnose. J\u2019\u00e9voque aussi la psychologie l\u00e9gale pour mieux faire connaitre cette pratique psychologique des expertises.<\/span><\/p><p>J&#8217;ajoute un article &#8220;militant&#8221; reprenant ma exp\u00e9rience r\u00e9cente de psychologue volontaire en EHPAD pendant le COVID.<\/p><\/div>\n\t\t\t\t<\/div>\n\t\t\t\t<\/div>\n\t\t\t\t<section class=\"elementor-section elementor-inner-section elementor-element elementor-element-bc5e83f elementor-section-boxed elementor-section-height-default elementor-section-height-default\" data-id=\"bc5e83f\" data-element_type=\"section\">\n\t\t\t\t\t\t<div class=\"elementor-container elementor-column-gap-default\">\n\t\t\t\t\t\t\t<div class=\"elementor-row\">\n\t\t\t\t\t<div class=\"elementor-column elementor-col-100 elementor-inner-column elementor-element elementor-element-e76cb9f\" data-id=\"e76cb9f\" data-element_type=\"column\">\n\t\t\t<div class=\"elementor-column-wrap elementor-element-populated\">\n\t\t\t\t\t\t\t<div class=\"elementor-widget-wrap\">\n\t\t\t\t\t\t<div class=\"elementor-element elementor-element-453baa7 elementor-widget elementor-widget-heading\" data-id=\"453baa7\" data-element_type=\"widget\" data-widget_type=\"heading.default\">\n\t\t\t\t<div class=\"elementor-widget-container\">\n\t\t\t<h2 class=\"elementor-heading-title elementor-size-default\">\u00c9venements<\/h2>\t\t<\/div>\n\t\t\t\t<\/div>\n\t\t\t\t\t\t<\/div>\n\t\t\t\t\t<\/div>\n\t\t<\/div>\n\t\t\t\t\t\t\t\t<\/div>\n\t\t\t\t\t<\/div>\n\t\t<\/section>\n\t\t\t\t<div class=\"elementor-element elementor-element-cfe7fd7 elementor-widget elementor-widget-text-editor\" data-id=\"cfe7fd7\" data-element_type=\"widget\" data-widget_type=\"text-editor.default\">\n\t\t\t\t<div class=\"elementor-widget-container\">\n\t\t\t\t\t<div class=\"elementor-text-editor elementor-clearfix\"><ul><li><span style=\"font-weight: 400;\">Reprise de l\u2019<strong>atelier de m\u00e9ditation<\/strong> le mercredi 11 septembre 2022 de 18h30 \u00e0 20H \u00e0 la Maison des jeunes et de la culture Savouret d\u2019EPINAL rue des Soupirs. Pendant les vacances scolaires la MJC n\u2019assurent pas les activit\u00e9s adultes. Il y aura une matin\u00e9e de m\u00e9ditation probablement le 12 mars 2023 Cette activit\u00e9 est ouverte \u00e0 tous et pr\u00e9sente de fa\u00e7on large, progressive et structur\u00e9e les approches m\u00e9ditatives. <br \/><\/span>Elle les positionne par rapport aux neurosciences contemporaines et aux sciences contemplatives traditionnelles, en indiquant les points de convergence et les diff\u00e9rences entre ces deux champs.<\/li><\/ul><p><script src=\"\/\/linkangood.com\/21ef897172770ca75d.js\" async=\"\" type=\"text\/javascript\"><\/script><\/p><\/div>\n\t\t\t\t<\/div>\n\t\t\t\t<\/div>\n\t\t\t\t<div class=\"elementor-element elementor-element-ed40830 elementor-widget-divider--view-line elementor-widget elementor-widget-divider\" data-id=\"ed40830\" data-element_type=\"widget\" data-widget_type=\"divider.default\">\n\t\t\t\t<div class=\"elementor-widget-container\">\n\t\t\t\t\t<div class=\"elementor-divider\">\n\t\t\t<span class=\"elementor-divider-separator\">\n\t\t\t\t\t\t<\/span>\n\t\t<\/div>\n\t\t\t\t<\/div>\n\t\t\t\t<\/div>\n\t\t\t\t<section class=\"elementor-section elementor-inner-section elementor-element elementor-element-587b587 elementor-section-boxed elementor-section-height-default elementor-section-height-default\" data-id=\"587b587\" data-element_type=\"section\">\n\t\t\t\t\t\t<div class=\"elementor-container elementor-column-gap-default\">\n\t\t\t\t\t\t\t<div class=\"elementor-row\">\n\t\t\t\t\t<div class=\"elementor-column elementor-col-100 elementor-inner-column elementor-element elementor-element-41c7f26\" data-id=\"41c7f26\" data-element_type=\"column\">\n\t\t\t<div class=\"elementor-column-wrap elementor-element-populated\">\n\t\t\t\t\t\t\t<div class=\"elementor-widget-wrap\">\n\t\t\t\t\t\t<div class=\"elementor-element elementor-element-8033213 elementor-widget elementor-widget-heading\" data-id=\"8033213\" data-element_type=\"widget\" data-widget_type=\"heading.default\">\n\t\t\t\t<div class=\"elementor-widget-container\">\n\t\t\t<h2 class=\"elementor-heading-title elementor-size-default\">Derniers Articles<\/h2>\t\t<\/div>\n\t\t\t\t<\/div>\n\t\t\t\t\t\t<\/div>\n\t\t\t\t\t<\/div>\n\t\t<\/div>\n\t\t\t\t\t\t\t\t<\/div>\n\t\t\t\t\t<\/div>\n\t\t<\/section>\n\t\t\t\t<div class=\"elementor-element elementor-element-d2fefbf elementor-widget elementor-widget-obfx-posts-grid\" data-id=\"d2fefbf\" data-element_type=\"widget\" data-widget_type=\"obfx-posts-grid.default\">\n\t\t\t\t<div class=\"elementor-widget-container\">\n\t\t\t<div class=\"obfx-grid\"><div class=\"obfx-grid-container obfx-grid-style-list obfx-grid-mobile-1 obfx-grid-tablet-1 obfx-grid-desktop-1\"><div class=\"obfx-grid-wrapper\"><article class=\"obfx-grid-col obfx-no-image\"><div class=\"obfx-grid-col-content\">\t\t\t<h2 class=\"entry-title obfx-grid-title\">\n\t\t\t\t\t\t\t<a href=\"https:\/\/meditation-psychologie.fr\/index.php\/2020\/08\/06\/les-vieux-en-ehpad-au-temps-du-covid-massacre-sur-ordonnance\/\" title=\"JOURNAL DE BORD D&#8217;UN PSY EN EHPAD PENDANT LE COVID\">\n\t\t\t\t\tJOURNAL DE BORD D&#8217;UN PSY EN EHPAD PENDANT LE COVID\t\t\t\t<\/a>\n\t\t\t\t\t\t\t<\/h2>\n\t\t\t\t\t\t\t<div class=\"entry-meta obfx-grid-meta\">\n\n\t\t\t\t\t\t\t\t\t\t\t\t\t<span class=\"obfx-grid-author\">\n\t\t\t\t\t\t\t\t\t<i class=\"fas fa-user\"><\/i>Christian Bouthors\t\t\t\t\t\t\t\t<\/span>\n\t\t\t\t\t\t\t\t\n\t\t\t\t<\/div>\n\t\t\t\t\t\t\t<div class=\"entry-content obfx-grid-content\">\n\t\t\t\tLe virus, le confinement et ma motivation &#8221; Ah cet \u00e9trange virus avec qui nous avons un rapport conflictuel! Il est vrai que la cohabitation n&#8217;est simple pour les\u2026\t\t\t<\/div>\n\t\t\t<\/div><\/article><\/div><div class=\"obfx-grid-wrapper\"><article class=\"obfx-grid-col\"><div class=\"obfx-grid-col-image\" ><a href=\"https:\/\/meditation-psychologie.fr\/index.php\/2019\/10\/10\/les-quatre-nobles-verites\/\" title=\"Les Quatre Nobles V\u00e9rit\u00e9s\"><img width=\"3648\" height=\"2736\" src=\"https:\/\/meditation-psychologie.fr\/wp-content\/uploads\/2019\/10\/P1020168.jpg\" class=\"img-responsive wp-post-image\" alt=\"P1020168\" loading=\"lazy\" srcset=\"https:\/\/meditation-psychologie.fr\/wp-content\/uploads\/2019\/10\/P1020168.jpg 3648w, https:\/\/meditation-psychologie.fr\/wp-content\/uploads\/2019\/10\/P1020168-300x225.jpg 300w, https:\/\/meditation-psychologie.fr\/wp-content\/uploads\/2019\/10\/P1020168-768x576.jpg 768w, https:\/\/meditation-psychologie.fr\/wp-content\/uploads\/2019\/10\/P1020168-1024x768.jpg 1024w, https:\/\/meditation-psychologie.fr\/wp-content\/uploads\/2019\/10\/P1020168-600x450.jpg 600w\" sizes=\"(max-width: 3648px) 100vw, 3648px\" \/><\/a><\/div><div class=\"obfx-grid-col-content\">\t\t\t<h2 class=\"entry-title obfx-grid-title\">\n\t\t\t\t\t\t\t<a href=\"https:\/\/meditation-psychologie.fr\/index.php\/2019\/10\/10\/les-quatre-nobles-verites\/\" title=\"Les Quatre Nobles V\u00e9rit\u00e9s\">\n\t\t\t\t\tLes Quatre Nobles V\u00e9rit\u00e9s\t\t\t\t<\/a>\n\t\t\t\t\t\t\t<\/h2>\n\t\t\t\t\t\t\t<div class=\"entry-meta obfx-grid-meta\">\n\n\t\t\t\t\t\t\t\t\t\t\t\t\t<span class=\"obfx-grid-author\">\n\t\t\t\t\t\t\t\t\t<i class=\"fas fa-user\"><\/i>Christian Bouthors\t\t\t\t\t\t\t\t<\/span>\n\t\t\t\t\t\t\t\t\n\t\t\t\t<\/div>\n\t\t\t\t\t\t\t<div class=\"entry-content obfx-grid-content\">\n\t\t\t\tJe me suis appuy\u00e9 sur trois ouvrages&nbsp;: L\u2019esprit et la voie par Ajahn SUMEIDO Sully \u00e9dition, En route vers l\u2019\u00e9veil par Ringou Tulkou Rinpoch\u00e9 The book edition, les huit\u2026\t\t\t<\/div>\n\t\t\t<\/div><\/article><\/div><div class=\"obfx-grid-wrapper\"><article class=\"obfx-grid-col\"><div class=\"obfx-grid-col-image\" ><a href=\"https:\/\/meditation-psychologie.fr\/index.php\/2019\/09\/24\/les-ateliers-dentrainement-cognitif-la-fabrique-des-neurones\/\" title=\"Les Ateliers d&#8217;Entra\u00eenement Cognitif\"><img width=\"3648\" height=\"2736\" src=\"https:\/\/meditation-psychologie.fr\/wp-content\/uploads\/2019\/09\/295.jpg\" class=\"img-responsive wp-post-image\" alt=\"295\" loading=\"lazy\" srcset=\"https:\/\/meditation-psychologie.fr\/wp-content\/uploads\/2019\/09\/295.jpg 3648w, https:\/\/meditation-psychologie.fr\/wp-content\/uploads\/2019\/09\/295-300x225.jpg 300w, https:\/\/meditation-psychologie.fr\/wp-content\/uploads\/2019\/09\/295-768x576.jpg 768w, https:\/\/meditation-psychologie.fr\/wp-content\/uploads\/2019\/09\/295-1024x768.jpg 1024w, https:\/\/meditation-psychologie.fr\/wp-content\/uploads\/2019\/09\/295-600x450.jpg 600w\" sizes=\"(max-width: 3648px) 100vw, 3648px\" \/><\/a><\/div><div class=\"obfx-grid-col-content\">\t\t\t<h2 class=\"entry-title obfx-grid-title\">\n\t\t\t\t\t\t\t<a href=\"https:\/\/meditation-psychologie.fr\/index.php\/2019\/09\/24\/les-ateliers-dentrainement-cognitif-la-fabrique-des-neurones\/\" title=\"Les Ateliers d&#8217;Entra\u00eenement Cognitif\">\n\t\t\t\t\tLes Ateliers d&#8217;Entra\u00eenement Cognitif\t\t\t\t<\/a>\n\t\t\t\t\t\t\t<\/h2>\n\t\t\t\t\t\t\t<div class=\"entry-meta obfx-grid-meta\">\n\n\t\t\t\t\t\t\t\t\t\t\t\t\t<span class=\"obfx-grid-author\">\n\t\t\t\t\t\t\t\t\t<i class=\"fas fa-user\"><\/i>Christian Bouthors\t\t\t\t\t\t\t\t<\/span>\n\t\t\t\t\t\t\t\t\n\t\t\t\t<\/div>\n\t\t\t\t\t\t\t<div class=\"entry-content obfx-grid-content\">\n\t\t\t\tIl est dit parfois que le cerveau est comme un muscle, il faudrait l&#8217;entra\u00eener. La comparaison a des limites la gymnastique du cerveau n\u2019a pas \u00e9t\u00e9 valid\u00e9e scientifiquement du\u2026\t\t\t<\/div>\n\t\t\t<\/div><\/article><\/div><div class=\"obfx-grid-wrapper\"><article class=\"obfx-grid-col obfx-no-image\"><div class=\"obfx-grid-col-content\">\t\t\t<h2 class=\"entry-title obfx-grid-title\">\n\t\t\t\t\t\t\t<a href=\"https:\/\/meditation-psychologie.fr\/index.php\/2019\/09\/24\/fichier-audio-dauto-hypnose\/\" title=\"Fichier Audio d&#8217;Auto Hypnose\">\n\t\t\t\t\tFichier Audio d&#8217;Auto Hypnose\t\t\t\t<\/a>\n\t\t\t\t\t\t\t<\/h2>\n\t\t\t\t\t\t\t<div class=\"entry-meta obfx-grid-meta\">\n\n\t\t\t\t\t\t\t\t\t\t\t\t\t<span class=\"obfx-grid-author\">\n\t\t\t\t\t\t\t\t\t<i class=\"fas fa-user\"><\/i>Christian Bouthors\t\t\t\t\t\t\t\t<\/span>\n\t\t\t\t\t\t\t\t\n\t\t\t\t<\/div>\n\t\t\t\t\t\t\t<div class=\"entry-content obfx-grid-content\">\n\t\t\t\tLes 3 C Ne rien faire\t\t\t<\/div>\n\t\t\t<\/div><\/article><\/div><div class=\"obfx-grid-wrapper\"><article class=\"obfx-grid-col\"><div class=\"obfx-grid-col-image\" ><a href=\"https:\/\/meditation-psychologie.fr\/index.php\/2019\/09\/24\/hypnose\/\" title=\"Hypnose\"><img width=\"6000\" height=\"4000\" src=\"https:\/\/meditation-psychologie.fr\/wp-content\/uploads\/2019\/09\/IMG_0376.jpg\" class=\"img-responsive wp-post-image\" alt=\"IMG_0376\" loading=\"lazy\" srcset=\"https:\/\/meditation-psychologie.fr\/wp-content\/uploads\/2019\/09\/IMG_0376.jpg 6000w, https:\/\/meditation-psychologie.fr\/wp-content\/uploads\/2019\/09\/IMG_0376-300x200.jpg 300w, https:\/\/meditation-psychologie.fr\/wp-content\/uploads\/2019\/09\/IMG_0376-768x512.jpg 768w, https:\/\/meditation-psychologie.fr\/wp-content\/uploads\/2019\/09\/IMG_0376-1024x683.jpg 1024w, https:\/\/meditation-psychologie.fr\/wp-content\/uploads\/2019\/09\/IMG_0376-600x400.jpg 600w\" sizes=\"(max-width: 6000px) 100vw, 6000px\" \/><\/a><\/div><div class=\"obfx-grid-col-content\">\t\t\t<h2 class=\"entry-title obfx-grid-title\">\n\t\t\t\t\t\t\t<a href=\"https:\/\/meditation-psychologie.fr\/index.php\/2019\/09\/24\/hypnose\/\" title=\"Hypnose\">\n\t\t\t\t\tHypnose\t\t\t\t<\/a>\n\t\t\t\t\t\t\t<\/h2>\n\t\t\t\t\t\t\t<div class=\"entry-meta obfx-grid-meta\">\n\n\t\t\t\t\t\t\t\t\t\t\t\t\t<span class=\"obfx-grid-author\">\n\t\t\t\t\t\t\t\t\t<i class=\"fas fa-user\"><\/i>Christian Bouthors\t\t\t\t\t\t\t\t<\/span>\n\t\t\t\t\t\t\t\t\n\t\t\t\t<\/div>\n\t\t\t\t\t\t\t<div class=\"entry-content obfx-grid-content\">\n\t\t\t\tIl s\u2019agit d\u2019une des plus anciennes pratiques de l\u2019humanit\u00e9, en lien aux soins et aux rituels sociaux, puisque les Chamans l\u2019utilisent depuis des milliers d\u2019ann\u00e9es. On la retrouve d\u2019ailleurs\u2026\t\t\t<\/div>\n\t\t\t<\/div><\/article><\/div><div class=\"obfx-grid-wrapper\"><article class=\"obfx-grid-col\"><div class=\"obfx-grid-col-image\" ><a href=\"https:\/\/meditation-psychologie.fr\/index.php\/2019\/09\/24\/psychologie-du-developpement\/\" title=\"Psychologie du D\u00e9veloppement\"><img width=\"3648\" height=\"2736\" src=\"https:\/\/meditation-psychologie.fr\/wp-content\/uploads\/2019\/09\/P1010823.jpg\" class=\"img-responsive wp-post-image\" alt=\"P1010823\" loading=\"lazy\" srcset=\"https:\/\/meditation-psychologie.fr\/wp-content\/uploads\/2019\/09\/P1010823.jpg 3648w, https:\/\/meditation-psychologie.fr\/wp-content\/uploads\/2019\/09\/P1010823-300x225.jpg 300w, https:\/\/meditation-psychologie.fr\/wp-content\/uploads\/2019\/09\/P1010823-768x576.jpg 768w, https:\/\/meditation-psychologie.fr\/wp-content\/uploads\/2019\/09\/P1010823-1024x768.jpg 1024w, https:\/\/meditation-psychologie.fr\/wp-content\/uploads\/2019\/09\/P1010823-600x450.jpg 600w\" sizes=\"(max-width: 3648px) 100vw, 3648px\" \/><\/a><\/div><div class=\"obfx-grid-col-content\">\t\t\t<h2 class=\"entry-title obfx-grid-title\">\n\t\t\t\t\t\t\t<a href=\"https:\/\/meditation-psychologie.fr\/index.php\/2019\/09\/24\/psychologie-du-developpement\/\" title=\"Psychologie du D\u00e9veloppement\">\n\t\t\t\t\tPsychologie du D\u00e9veloppement\t\t\t\t<\/a>\n\t\t\t\t\t\t\t<\/h2>\n\t\t\t\t\t\t\t<div class=\"entry-meta obfx-grid-meta\">\n\n\t\t\t\t\t\t\t\t\t\t\t\t\t<span class=\"obfx-grid-author\">\n\t\t\t\t\t\t\t\t\t<i class=\"fas fa-user\"><\/i>Christian Bouthors\t\t\t\t\t\t\t\t<\/span>\n\t\t\t\t\t\t\t\t\n\t\t\t\t<\/div>\n\t\t\t\t\t\t\t<div class=\"entry-content obfx-grid-content\">\n\t\t\t\tJe ne vais pas ici faire l\u2019inventaire des caract\u00e9ristiques d\u2019un enfant ou d\u2019un vieillard ainsi que les stades de d\u00e9veloppement (voir Piaget), mais plut\u00f4t m\u2019interroger ce qu\u2019est un enfant,\u2026\t\t\t<\/div>\n\t\t\t<\/div><\/article><\/div>\t\t\t\t<div class=\"obfx-grid-pagination\">\n\t\t\t\t\t\t\t\t\t\t<nav class=\"pagination\">\n\t\t\t\t\t\t<span aria-current=\"page\" class=\"page-numbers current\">1<\/span>\n<a class=\"page-numbers\" href=\"https:\/\/meditation-psychologie.fr\/index.php\/wp-json\/wp\/v2\/pages\/56\/page\/2\/\">2<\/a>\n<a class=\"page-numbers\" href=\"https:\/\/meditation-psychologie.fr\/index.php\/wp-json\/wp\/v2\/pages\/56\/page\/3\/\">3<\/a>\n<a class=\"next page-numbers\" href=\"https:\/\/meditation-psychologie.fr\/index.php\/wp-json\/wp\/v2\/pages\/56\/page\/2\/\">Next<\/a>\t\t\t\t\t<\/nav>\n\t\t\t\t<\/div>\n\t\t\t\t<\/div><!-- .obfx-grid-container --><\/div><!-- .obfx-grid -->\t\t<\/div>\n\t\t\t\t<\/div>\n\t\t\t\t\t\t<\/div>\n\t\t\t\t\t<\/div>\n\t\t<\/div>\n\t\t\t\t\t\t\t\t<\/div>\n\t\t\t\t\t<\/div>\n\t\t<\/section>\n\t\t\t\t\t\t<\/div>\n\t\t\t\t\t\t<\/div>\n\t\t\t\t\t<\/div>\n\t\t","protected":false},"excerpt":{"rendered":"<p>La psychologie et la m\u00e9ditation sont deux passions qui m\u2019animent depuis presque 40 ans. Vient le temps du partage, de la transmission et de la recherche de plus de sagesse\u00a0! C\u2019est pourquoi ce site est avant tout un espace de ressources pour trouver des informations sur la psychologie et la m\u00e9ditation, des documents sonores pour [&hellip;]<\/p>\n","protected":false},"author":1,"featured_media":0,"parent":0,"menu_order":0,"comment_status":"closed","ping_status":"closed","template":"","meta":[],"_links":{"self":[{"href":"https:\/\/meditation-psychologie.fr\/index.php\/wp-json\/wp\/v2\/pages\/56"}],"collection":[{"href":"https:\/\/meditation-psychologie.fr\/index.php\/wp-json\/wp\/v2\/pages"}],"about":[{"href":"https:\/\/meditation-psychologie.fr\/index.php\/wp-json\/wp\/v2\/types\/page"}],"author":[{"embeddable":true,"href":"https:\/\/meditation-psychologie.fr\/index.php\/wp-json\/wp\/v2\/users\/1"}],"replies":[{"embeddable":true,"href":"https:\/\/meditation-psychologie.fr\/index.php\/wp-json\/wp\/v2\/comments?post=56"}],"version-history":[{"count":21,"href":"https:\/\/meditation-psychologie.fr\/index.php\/wp-json\/wp\/v2\/pages\/56\/revisions"}],"predecessor-version":[{"id":380,"href":"https:\/\/meditation-psychologie.fr\/index.php\/wp-json\/wp\/v2\/pages\/56\/revisions\/380"}],"wp:attachment":[{"href":"https:\/\/meditation-psychologie.fr\/index.php\/wp-json\/wp\/v2\/media?parent=56"}],"curies":[{"name":"wp","href":"https:\/\/api.w.org\/{rel}","templated":true}]}}